 509, q*x + 247 = w. Is w composite?
False
Let w be 1*(0 + 190) - -4. Let i = 621 + w. Is i composite?
True
Let v(r) = r**2 + 5*r + 35. Suppose -g + 8 + 30 = -4*w, 0 = -5*g - 2*w + 80. Is v(g) a prime number?
True
Let n(k) = k**2 - k + 4. Let d be n(0). Suppose -4*q - h = 4299 + 1950, 6229 = -d*q + 3*h. Is 3/(-6) - q/14 a composite number?
True
Let l = 28 + -17. Let c be (256/(-12) + 0)*(-9)/4. Let i = c + l. Is i prime?
True
Let i be (6/(-4))/((-21)/28). Suppose -i*o + 2*c = 10, 4*c - 15 = o - 2*o. Is o/(3*4/(-3108)) a composite number?
True
Suppose 0 = -y + 734 + 1973. Is y a prime number?
True
Let a(r) = -r**3 - 25*r**2 + 48*r + 159. Is a(-41) a prime number?
True
Let s = -8984 - -28755. Is s a composite number?
True
Let x be 2/(3 + -5) + 1352. Suppose -x = 4*h - 6075. Is h composite?
False
Suppose -2*q - 1638 = -4*q. Let r(o) = -o**3 + 5*o**2 - 3*o + 15. Let d be r(5). Suppose d = 4*k + 223 - q. Is k prime?
True
Let r(l) = -2*l**3 + 31*l**2 - 22*l + 55. Is r(-28) a prime number?
True
Let a(u) be the third derivative of -u**6/120 - 2*u**5/15 - u**4/6 - 14*u**3/3 + 11*u**2. Is a(-9) composite?
False
Let n(x) = -100*x - 143. Is n(-31) composite?
False
Let o(b) = 111*b**3 - 2*b**2 - 3. Is o(2) prime?
True
Is 9/((-27)/30) + 18657 prime?
False
Let t(p) = 803*p**3 - 4*p**2 - 8*p + 11. Is t(1) composite?
True
Let b(q) = -3*q**3 + q. Let k = -2 + -2. Let o be b(k). Suppose -o = -10*y + 8*y. Is y a composite number?
True
Suppose -319689 = -5*m + 3*q, 5*m - 4*q - 211835 - 107852 = 0. Is m prime?
False
Is 7 + 5/((-20)/(-9744)) a prime number?
False
Let z(i) = -199*i + 12. Let m(g) = -3*g + 8. Let f be m(3). Is z(f) a composite number?
False
Let y be 10983/(60/16 + -3). Is (-3)/(-21) + y/49 prime?
False
Suppose 4*k = 3*s - 25 + 3222, -1585 = -2*k - 3*s. Is k composite?
False
Let a(j) = 82*j + 1. Let t(h) = -165*h - 3. Let y(n) = -11*a(n) - 6*t(n). Is y(10) a composite number?
False
Let b be (10/(-6))/((-5)/6045). Suppose 4*t + 347 = b. Let w = -294 + t. Is w composite?
True
Let f be (55 + -1)*159/6. Suppose -f = 3*i - 6*i. Suppose 2*t + 6*h = h + 969, 0 = -t - 4*h + i. Is t prime?
False
Let b = 7 - 0. Suppose 20 = 3*c - 4*a, -5*c + b*a + 25 = 2*a. Is 206/((-4)/(-4 + c)) a composite number?
True
Suppose 0 = 3*g - 71044 - 36851. Is g composite?
True
Let x(d) = 23*d - 9. Let s be 3/((-2)/2 - -2). Let c be 7 + (s - (-3 - -3)). Is x(c) a prime number?
False
Let b = 10 - -4. Suppose -b*v + 90 = -8*v. Is v composite?
True
Let q be (-20)/(-6) - 5/15. Suppose -4*p - 17 = 3*c, -q*c - p = 2*p + 12. Is (-1 + 656/4)*c prime?
True
Let n(w) = w**3 + 2*w**2 - w + 5. Let f be n(-3). Let i be (-2)/(f/218*4). Suppose -191 = -4*u + a, i = 5*u + 3*a - 117. Is u composite?
False
Is (0 + -10)*(169170/(-75) - -13) composite?
True
Let r(q) = -9*q. Let m be r(-1). Suppose -m*b - 20 = -14*b. Let w(i) = i**3 - 2*i**2 - 3*i + 1. Is w(b) prime?
False
Suppose -10*i - 540 = -4*i. Let l = 52 + i. Let h = l + 71. Is h a prime number?
False
Let o(y) = -7*y**3 + y**2 - 2*y + 2. Let s be o(-2). Let g = 125 - s. Is g a composite number?
False
Let h be -175 - 0*(-1)/(1 - 2). Let c = 561 + h. Is c composite?
True
Let o(l) be the second derivative of -l**5/20 + l**3/3 + 13*l**2/2 - 22*l. Is o(-6) a prime number?
False
Suppose -17*b + 19*b = -f + 27477, -b - f + 13738 = 0. Is b prime?
False
Suppose 9*o + 261 + 1998 = 0. Let l = 568 + o. Is l a prime number?
True
Let v be (11 + -1)*(-1)/(-2). Suppose -v*i + 1260 = -1895. Is i a composite number?
False
Is (-7 - 40/16)*-3386 composite?
True
Suppose -664 = -5*a - 3*s, -3*a + 7*a - 542 = 3*s. Let y be 3 - (a*-3 + 2). Let j = y + -254. Is j prime?
True
Suppose 4 = -5*j + 2*q, -8 + 2 = -3*j - 3*q. Suppose -3*u + 1043 = 2*a, j = 5*u - 5*a - 1356 - 374. Is u composite?
False
Let f = 8 + -5. Suppose 0*v - 4*c = -v + 18, -c = -v + f. Is v/(-3) + 43/3 a composite number?
True
Suppose 222 = -3*c + 4*c. Suppose 5*g - c = -4*a, -a = 4*g + 52 - 234. Is g composite?
True
Let w(t) = -125*t**3 - 8*t**2 - 8*t + 24. Let l(y) = -83*y**3 - 5*y**2 - 5*y + 16. Let b(g) = 8*l(g) - 5*w(g). Is b(-3) a composite number?
False
Suppose -3*j - 3*v - 2*v + 9 = 0, -2*j + 6 = -5*v. Let c(b) = 10 - 2 - 2*b**2 - 7 + 78*b**j. Is c(1) a prime number?
False
Let x be 2752/72 - (-4)/(-18). Let i = x - 10. Let w = i - 18. Is w prime?
False
Is 2/(-4)*((-45)/9 - 5057) a prime number?
True
Let i be 2/30*-3 + (-1861)/(-5). Let b = i - -7. Is b a prime number?
True
Let c = -141 + -70. Is 3 - (-6)/(-2) - c composite?
False
Suppose 4*b + 0*j = -4*j + 32, 0 = 5*b + 3*j - 34. Suppose 3*g + 1074 = b*g. Is g a composite number?
True
Let d(h) = 60*h**2 + 27*h + 2. Is d(23) a prime number?
True
Let q(f) = -f**3 + 7*f**2 + 13*f - 3. Let x(l) = 6*l**2 + 12*l - 3. Let j(r) = -2*q(r) + 3*x(r). Is j(5) a prime number?
True
Let n = -20 - -22. Let w(l) = 4*l**n + 20*l**3 + 4*l + 2*l**2 - 6*l + 1 - 2*l. Is w(4) composite?
False
Suppose -4*u - 3*t = 1039, -2*u - u - 5*t = 771. Let a = -980 + 603. Let m = u - a. Is m prime?
False
Let r(v) = 408*v**2 - 3*v - 9. Let j be r(-2). Let i = j - -8332. Is i a composite number?
True
Let w(n) = 199*n**2 - 26*n - 55. Is w(-8) a composite number?
False
Suppose 4*f = -5*p + 20011, f + 4*p - 5011 = -0*p. Suppose 2*a + 5*y = 3316, -a + 5*y + f = 2*a. Is a a prime number?
True
Let t be (2 + -7)/((-4)/4). Suppose n - 20 = t*k, -k - 2*k = -4*n + 29. Suppose 0 = 2*l + n*s - 58, -3*l + 5*s + 17 = -120. Is l a prime number?
False
Let h be 11593 + 2*-2*15/(-20). Suppose -f = 3*f - h. Is f prime?
False
Let j(a) = a**2 + 3*a + 3. Let o be j(3). Let t(w) = -w**3 - 6*w**2 - 7*w + 1. Let l be t(-5). Let n = o - l. Is n prime?
False
Let g(b) = -13*b + 5. Let c be g(-6). Let m = 636 + c. Is m prime?
True
Let k = 12 - 7. Suppose 3*v + 18 = k*v. Let t(u) = u**3 - 8*u**2 - 8*u + 5. Is t(v) composite?
True
Let p = 19 - 14. Suppose -5*y = -p*j + 1040, 0 = -4*j - j + 2*y + 1025. Is j a composite number?
True
Suppose -3*l = -2*z + 17, 3*l - 8*l - 31 = -2*z. Let o be (-7203)/l - (-2)/1. Let w = o + 18. Is w a prime number?
True
Let c = 19 - 25. Is 6256/6 - (76/(-12) - c) prime?
False
Is -3 - (1 + 327)/(-2) a composite number?
True
Let j(g) = -41*g**2 - 2*g + 6. Let d be j(-3). Let w = d - -868. Is w prime?
False
Let c be (1 - 5)*(1 + 0). Suppose -2*u = 5*n - 10, 0*u + 2 = 3*u + n. Is 1 + u + (c - -146) a composite number?
True
Suppose 736 = 2*h - 0*h. Suppose 2*w = -2*k + 304, 0 = -5*k - w + 396 + h. Let r = 296 - k. Is r a prime number?
False
Suppose 0 = o - 134 - 1305. Is o composite?
False
Let g(u) be the third derivative of u**5/30 - u**4/12 - 3*u**3/2 + 8*u**2. Is g(-10) composite?
False
Is ((-3)/(-2))/((-4)/(-16760)) + 2 composite?
False
Let p = 37 + -27. Let s = 25 - p. Is s prime?
False
Let d = 9 - -8. Suppose -c - d = -13. Is ((-211)/c)/((-2)/(-8)) a prime number?
True
Suppose 8991 = 4*w - h, 4*w - 2*w - 2*h = 4494. Is w/32 + (-3)/(-4) a composite number?
False
Let l be -5 + 0 - (-4798 - -28). Suppose -14*n - l = -19*n. Is n a composite number?
False
Let i be 2195/(-10)*(-3 - -1). Let p = 15 + -13. Suppose -i = -5*z + p*n + 160, 348 = 3*z - 5*n. Is z prime?
False
Suppose 2*r - 1871 = -3*c + 24, 5*r + 25 = 0. Is c prime?
False
Let b(g) = 11*g**2 - 7*g - 10. Let j be b(9). Suppose 4 = -y - 0, -2*d = -y - j. Is d a composite number?
True
Let o be -10 + 3/(-1 - -2). Let m be (-2 + 1)/(o/119). Let v = 138 - m. Is v composite?
True
Let r = -19592 - -30871. Is r a composite number?
False
Let p be (10/6)/((3 + -6)/(-1233)). Suppose j - p = 5*o, -2*j + 6*o - 8*o = -1370. Is j a composite number?
True
Let f(r) = 3*r - 38. Let w be f(14). Suppose w*h + o - 216 = 0, 114 = 2*h + 3*o - 4*o. Is h composite?
True
Let m(u) = -u**3 + u**2 + 2*u + 19. Let k be m(0). Let g be 4*(-3)/(-4) - k. Let q = 271 - g. Is q composite?
True
Suppose -34*i + 43*i - 280593 = 0. Is i prime?
True
Suppose 5*i - m = 4407, 2*m - 4419 = -5*i - m. Is -1 + (i*-1)/(-3) a prime number?
True
Let y = 16647 - -73418. Is y composite?
True
Let b = 76787 + 7260. Is b prime?
True
Suppose k - 9 = 4*k - 4*a, -k + 4*a = -5. Let w = 35 + k. Suppose 0 = -33*o + w*o + 3395. Is o a prime number?
False
Suppose 4*x + 475 = 3*v, 0 = v - 0*v + 3. Let t be (-4)/22 + 2882/x. Is (-8)/t*(643 + -1) prime?
False
Let j be ((-10)/4)/((-1)/62). Suppo